 is divided by 4326?
1877
Calculate the remainder when 2046371 is divided by 136421.
56
What is the remainder when 5295802 is divided by 196138?
76
Calculate the remainder when 3783 is divided by 1870.
43
What is the remainder when 571296684 is divided by 494?
10
What is the remainder when 2720999 is divided by 453466?
203
Calculate the remainder when 162713 is divided by 81348.
17
What is the remainder when 8911 is divided by 263?
232
What is the remainder when 13130296 is divided by 230351?
289
What is the remainder when 64276049 is divided by 23?
19
What is the remainder when 3142182 is divided by 160?
102
What is the remainder when 293476 is divided by 51?
22
What is the remainder when 419112 is divided by 104623?
620
Calculate the remainder when 2955271 is divided by 20.
11
Calculate the remainder when 21125 is divided by 9544.
2037
What is the remainder when 409021 is divided by 10763?
27
What is the remainder when 2839498 is divided by 473242?
46
Calculate the remainder when 488081 is divided by 69725.
6
What is the remainder when 107459482 is divided by 3102?
3100
Calculate the remainder when 645245 is divided by 8.
5
Calculate the remainder when 7809 is divided by 2169.
1302
Calculate the remainder when 2237036 is divided by 360.
356
Calculate the remainder when 48487339 is divided by 5964.
19
Calculate the remainder when 2721850 is divided by 453635.
40
What is the remainder when 95236329 is divided by 322?
321
Calculate the remainder when 32601749 is divided by 10867187.
188
Calculate the remainder when 3522291 is divided by 752.
675
What is the remainder when 139923 is divided by 13948?
443
Calculate the remainder when 5060733 is divided by 144.
141
What is the remainder when 769869 is divided by 96233?
5
Calculate the remainder when 23313 is divided by 43.
7
What is the remainder when 39031481 is divided by 405?
11
Calculate the remainder when 37575103 is divided by 448.
447
What is the remainder when 52174 is divided by 7?
3
What is the remainder when 662437 is divided by 1771?
83
Calculate the remainder when 196918791 is divided by 39.
30
Calculate the remainder when 14626072 is divided by 144.
136
What is the remainder when 214416948 is divided by 7152?
7140
What is the remainder when 911391 is divided by 294?
285
What is the remainder when 21248 is divided by 19880?
1368
What is the remainder when 79707312 is divided by 2695?
2687
Calculate the remainder when 1567063 is divided by 15.
13
What is the remainder when 27514034 is divided by 1119?
62
What is the remainder when 3092868 is divided by 711?
18
Calculate the remainder when 572795 is divided by 1982.
1979
Calculate the remainder when 9291663 is divided by 712.
63
Calculate the remainder when 120851 is divided by 2510.
371
Calculate the remainder when 158978 is divided by 5480.
58
Calculate the remainder when 33527 is divided by 379.
175
Calculate the remainder when 5046 is divided by 826.
90
What is the remainder when 70222 is divided by 4395?
4297
Calculate the remainder when 3481236 is divided by 98.
80
What is the remainder when 599837 is divided by 219?
215
What is the remainder when 15814868 is divided by 15814853?
15
Calculate the remainder when 13776638 is divided by 229.
227
What is the remainder when 333468 is divided by 4007?
887
Calculate the remainder when 97545 is divided by 466.
151
Calculate the remainder when 5802895 is divided by 27372.
31
What is the remainder when 800810 is divided by 266874?
188
What is the remainder when 5105822 is divided by 15519?
71
Calculate the remainder when 1955709 is divided by 115023.
318
Calculate the remainder when 1850716 is divided by 2157.
10
Calculate the remainder when 116528 is divided by 9620.
1088
What is the remainder when 743803 is divided by 997?
41
What is the remainder when 913131 is divided by 83011?
10
Calculate the remainder when 384719 is divided by 2852.
2551
Calculate the remainder when 158644 is divided by 10574.
34
What is the remainder when 46878921 is divided by 2699?
2689
What is the remainder when 276654 is divided by 69151?
50
Calculate the remainder when 631117079 is divided by 197.
196
What is the remainder when 481812452 is divided by 17?
16
Calculate the remainder when 393981 is divided by 131168.
477
Calculate the remainder when 1333471 is divided by 576.
31
Calculate the remainder when 2801004 is divided by 32.
12
Calculate the remainder when 5072606 is divided by 5072312.
294
What is the remainder when 559795 is divided by 34985?
35
What is the remainder when 774316438 is divided by 9?
7
What is the remainder when 180510 is divided by 60129?
123
What is the remainder when 125857 is divided by 367?
343
Calculate the remainder when 2201589 is divided by 2016.
117
Calculate the remainder when 56960070 is divided by 28480027.
16
What is the remainder when 60079 is divided by 9982?
187
Calculate the remainder when 1880791 is divided by 6419.
24
What is the remainder when 80241 is divided by 26315?
1296
Calculate the remainder when 10782785 is divided by 2695691.
21
Calculate the remainder when 36771899 is divided by 4528.
11
What is the remainder when 398867 is divided by 3768?
3227
What is the remainder when 2794055 is divided by 931231?
362
What is the remainder when 90923 is divided by 2511?
527
What is the remainder when 538866 is divided by 41441?
133
Calculate the remainder when 888441115 is divided by 118.
117
Calculate the remainder when 16259525 is divided by 44669.
9
Calculate the remainder when 43071857 is divided by 7178641.
11
Calculate the remainder when 80400 is divided by 38203.
3994
Calculate the remainder when 136165 is divided by 9706.
281
Calculate the remainder when 450646 is divided by 496.
278
Calculate the remainder when 844990 is divided by 4142.
22
What is the remainder when 466248 is divided by 2192?
1544
What is the remainder when 2491877 is divided by 459?
425
Calculate the remainder when 2754740 is divided by 135.
65
Calculate the remainder when 27742 is divided by 2056.
1014
What is the remainder when 905573 is divided by 515?
203
Calculate the remainder when 11869692 is divided by 1318854.
6
What is the remainder when 60264 is divided by 27884?
4496
What is the remainder when 16789389 is divided by 526?
521
What is the remainder when 7483947 is divided by 5806?
13
What is the remainder when 151757 is divided by 16808?
485
What is the remainder when 206062 is divided by 204764?
1298
Calculate the remainder when 571428 is divided by 7663.
4366
Calculate the remainder when 1951199 is divided by 19910.
19
What is the remainder when 3049373 is divided by 508225?
23
What is the remainder when 15367 is divided by 4917?
616
Calculate the remainder when 336027 is divided by 111566.
1329
What is the remainder when 72560 is divided by 21?
5
What is the remainder when 63878389 is divided by 76?
9
What is the remainder when 14528 is divided by 13088?
1440
Calculate the remainder when 10510528 is divided by 1751754.
4
Calculate the remainder when 948388520 is divided by 1021.
1019
What is the remainder when 29783 is divided by 1843?
295
Calculate the remainder when 24669 is divided by 22915.
1754
What is the remainder when 8256902 is divided by 2064225?
2
What is the remainder when 132705 is divided by 1163?
123
Calculate the remainder when 32453049 is divided by 179.
170
Calculate the remainder when 321681 is divided by 24155.
7666
Calculate the remainder when 8107 is divided by 3823.
461
What is the remainder when 44524 is divided by 3774?
3010
Calculate the remainder when 811154 is divided by 561.
509
What is the remainder when 19420 is divided by 1278?
250
What is the remainder when 166959236 is divided by 2674?
24
Calculate the remainder when 507634964 is divided by 7405.
7404
Calculate the remainder when 1871789 is divided by 331.
315
Calculate the remainder when 905766 is divided by 8880.
6
Calculate the remainder when 162899169 is divided by 10.
9
What is the remainder when 8662208 is divided by 2887363?
119
Calculate the remainder when 455695 is divided by 1621.
194
What is the remainder when 1353986 is divided by 19341?
116
Calculate the remainder when 119872 is divided by 4132.
44
Calculate the remainder when 5203289 is divided by 137.
29
What is the remainder w